{"id":1826,"date":"2022-08-18T16:00:01","date_gmt":"2022-08-18T19:00:01","guid":{"rendered":"https:\/\/www.esteticasdasperiferias.org.br\/2022\/?post_type=edp_event&#038;p=1826"},"modified":"2022-08-29T17:34:12","modified_gmt":"2022-08-29T20:34:12","slug":"arte-drag-na-periferia-e-apresentacao-de-danca-cabaret-dagua","status":"publish","type":"edp_event","link":"https:\/\/www.esteticasdasperiferias.org.br\/2022\/eventos\/arte-drag-na-periferia-e-apresentacao-de-danca-cabaret-dagua\/","title":{"rendered":"Arte drag na periferia e Apresenta\u00e7\u00e3o de Dan\u00e7a &#8220;Cabaret D\u00b4agua&#8221;"},"featured_media":1946,"template":"","categories":[1],"acf":{"edp_event_title":"Arte drag na periferia e Apresenta\u00e7\u00e3o de Dan\u00e7a \"Cabaret D\u00b4agua\"","edp_event_excerpt":"Roda de conversa \u201ca arte drag na periferia\u201d com o coletivo Acuenda + apresenta\u00e7\u00e3o do espet\u00e1culo \u201cCabaret D\u2019\u00e1gua\u201d.","edp_event_description":"","edp_event_site":"https:\/\/www.instagram.com\/coletivoacuenda\/","site_btn_text":"","guests":false,"edp_event_type":"cultura","edp_event_region":"centro","edp_event_place":{"ID":1213,"post_author":"2","post_date":"2021-10-22 15:16:47","post_date_gmt":"2021-10-22 18:16:47","post_content":"","post_title":"Zona Leste","post_excerpt":"","post_status":"publish","comment_status":"closed","ping_status":"closed","post_password":"","post_name":"zona-leste","to_ping":"","pinged":"","post_modified":"2021-10-22 15:16:47","post_modified_gmt":"2021-10-22 18:16:47","post_content_filtered":"","post_parent":0,"guid":"https:\/\/www.esteticasdasperiferias.org.br\/2022\/?post_type=edp_place&#038;p=1213","menu_order":0,"post_type":"edp_place","post_mime_type":"","comment_count":"0","filter":"raw"},"edp_event_date":"2022-09-04","edp_event_hours":{"edp_event_hour_ini":"17:30:00","edp_event_hour_end":"21:00:00"},"edp_data_config":{"type":"varias_datas","unica":null,"varias_datas":[{"data":"2022-09-04"}],"intervalo":{"intervalo_inicio":null,"intervalo_fim":null},"repeticao_dia_da_semana":{"repetir_a_cada":false,"repeticao_dia_da_semana_inicio":null,"repeticao_dia_da_semana_fim":null},"repeticao_dia_do_mes":{"repetir_a_cada":false,"repeticao_dia_do_mes_inicio":null,"repeticao_dia_do_mes_fim":null}}},"edp_event_dated":{"dow":"domingo","doe":false,"ini":"17h30","end":"21h","day":"04 setembro","timestamp":1662312600},"edp_event_place":{"ID":1213,"title":"Zona Leste","lat":"","lon":"","address":""},"_links":{"self":[{"href":"https:\/\/www.esteticasdasperiferias.org.br\/2022\/wp-json\/wp\/v2\/edp_event\/1826"}],"collection":[{"href":"https:\/\/www.esteticasdasperiferias.org.br\/2022\/wp-json\/wp\/v2\/edp_event"}],"about":[{"href":"https:\/\/www.esteticasdasperiferias.org.br\/2022\/wp-json\/wp\/v2\/types\/edp_event"}],"wp:featuredmedia":[{"embeddable":true,"href":"https:\/\/www.esteticasdasperiferias.org.br\/2022\/wp-json\/wp\/v2\/media\/1946"}],"wp:attachment":[{"href":"https:\/\/www.esteticasdasperiferias.org.br\/2022\/wp-json\/wp\/v2\/media?parent=1826"}],"wp:term":[{"taxonomy":"category","embeddable":true,"href":"https:\/\/www.esteticasdasperiferias.org.br\/2022\/wp-json\/wp\/v2\/categories?post=1826"}],"curies":[{"name":"wp","href":"https:\/\/api.w.org\/{rel}","templated":true}]}}

Arte drag na periferia e Apresentação de Dança &#8220;Cabaret D´agua&#8221;

Arte drag na periferia e Apresentação de Dança "Cabaret D´agua"

Roda de conversa “a arte drag na periferia” com o coletivo Acuenda + apresentação do espetáculo “Cabaret D’água”.
